{"version":"1.0","provider_name":"Communaut\u00e9 de Communes de la Plaine Jurassienne","provider_url":"https:\/\/www.cc-laplaine-jurassienne.fr","author_name":"Laura","author_url":"https:\/\/www.cc-laplaine-jurassienne.fr\/index.php\/author\/admin3421\/","title":"Un spectacle de fin d'ann\u00e9e r\u00e9ussi ! - Communaut\u00e9 de Communes de la Plaine Jurassienne","type":"rich","width":600,"height":338,"html":"<blockquote class=\"wp-embedded-content\" data-secret=\"uDqKjnsMtC\"><a href=\"https:\/\/www.cc-laplaine-jurassienne.fr\/index.php\/2026\/01\/08\/un-spectacle-de-fin-dannee-reussi\/\">Un spectacle de fin d&rsquo;ann\u00e9e r\u00e9ussi !<\/a><\/blockquote><iframe sandbox=\"allow-scripts\" security=\"restricted\" src=\"https:\/\/www.cc-laplaine-jurassienne.fr\/index.php\/2026\/01\/08\/un-spectacle-de-fin-dannee-reussi\/embed\/#?secret=uDqKjnsMtC\" width=\"600\" height=\"338\" title=\"\u00ab\u00a0Un spectacle de fin d&rsquo;ann\u00e9e r\u00e9ussi !\u00a0\u00bb &#8212; Communaut\u00e9 de Communes de la Plaine Jurassienne\" data-secret=\"uDqKjnsMtC\" frameborder=\"0\" marginwidth=\"0\" marginheight=\"0\" scrolling=\"no\" class=\"wp-embedded-content\"><\/iframe><script>\n\/*! This file is auto-generated *\/\n!function(d,l){\"use strict\";l.querySelector&&d.addEventListener&&\"undefined\"!=typeof URL&&(d.wp=d.wp||{},d.wp.receiveEmbedMessage||(d.wp.receiveEmbedMessage=function(e){var t=e.data;if((t||t.secret||t.message||t.value)&&!\/[^a-zA-Z0-9]\/.test(t.secret)){for(var s,r,n,a=l.querySelectorAll('iframe[data-secret=\"'+t.secret+'\"]'),o=l.querySelectorAll('blockquote[data-secret=\"'+t.secret+'\"]'),c=new RegExp(\"^https?:$\",\"i\"),i=0;i<o.length;i++)o[i].style.display=\"none\";for(i=0;i<a.length;i++)s=a[i],e.source===s.contentWindow&&(s.removeAttribute(\"style\"),\"height\"===t.message?(1e3<(r=parseInt(t.value,10))?r=1e3:~~r<200&&(r=200),s.height=r):\"link\"===t.message&&(r=new URL(s.getAttribute(\"src\")),n=new URL(t.value),c.test(n.protocol))&&n.host===r.host&&l.activeElement===s&&(d.top.location.href=t.value))}},d.addEventListener(\"message\",d.wp.receiveEmbedMessage,!1),l.addEventListener(\"DOMContentLoaded\",function(){for(var e,t,s=l.querySelectorAll(\"iframe.wp-embedded-content\"),r=0;r<s.length;r++)(t=(e=s[r]).getAttribute(\"data-secret\"))||(t=Math.random().toString(36).substring(2,12),e.src+=\"#?secret=\"+t,e.setAttribute(\"data-secret\",t)),e.contentWindow.postMessage({message:\"ready\",secret:t},\"*\")},!1)))}(window,document);\n\/\/# sourceURL=https:\/\/www.cc-laplaine-jurassienne.fr\/wp-includes\/js\/wp-embed.min.js\n<\/script>\n","thumbnail_url":"https:\/\/www.cc-laplaine-jurassienne.fr\/wp-content\/uploads\/2026\/01\/spectacle-ccpj-scaled.jpg","thumbnail_width":2560,"thumbnail_height":1332,"description":"En fin d\u2019ann\u00e9e, le multi-accueil et le relais petite enfance de la Plaine Jurassienne se sont associ\u00e9s pour proposer aux familles et assistantes maternelles un spectacle suivi d\u2019un go\u00fbter. Pour l\u2019occasion, ils ont re\u00e7u la compagnie th\u00e9\u00e2tre Envie, pour une repr\u00e9sentation de son spectacle \u00ab\u00a0il y a quoi dans ces cartons\u00a0?\u00a0\u00bb. Un spectacle accompagn\u00e9 de [&hellip;]"}

Communauté de Communes de la Plaine Jurassienne

Un spectacle de fin d'année réussi ! - Communauté de Communes de la Plaine Jurassienne

<blockquote class="wp-embedded-content" data-secret="uDqKjnsMtC"><a href="https://www.cc-laplaine-jurassienne.fr/index.php/2026/01/08/un-spectacle-de-fin-dannee-reussi/">Un spectacle de fin d&rsquo;année réussi !</a></blockquote><iframe sandbox="allow-scripts" security="restricted" src="https://www.cc-laplaine-jurassienne.fr/index.php/2026/01/08/un-spectacle-de-fin-dannee-reussi/embed/#?secret=uDqKjnsMtC" width="600" height="338" title="« Un spectacle de fin d&rsquo;année réussi ! » &#8212; Communauté de Communes de la Plaine Jurassienne" data-secret="uDqKjnsMtC" frameborder="0" marginwidth="0" marginheight="0" scrolling="no" class="wp-embedded-content"></iframe><script>
/*! This file is auto-generated */
!function(d,l){"use strict";l.querySelector&&d.addEventListener&&"undefined"!=typeof URL&&(d.wp=d.wp||{},d.wp.receiveEmbedMessage||(d.wp.receiveEmbedMessage=function(e){var t=e.data;if((t||t.secret||t.message||t.value)&&!/[^a-zA-Z0-9]/.test(t.secret)){for(var s,r,n,a=l.querySelectorAll('iframe[data-secret="'+t.secret+'"]'),o=l.querySelectorAll('blockquote[data-secret="'+t.secret+'"]'),c=new RegExp("^https?:$","i"),i=0;i<o.length;i++)o[i].style.display="none";for(i=0;i<a.length;i++)s=a[i],e.source===s.contentWindow&&(s.removeAttribute("style"),"height"===t.message?(1e3<(r=parseInt(t.value,10))?r=1e3:~~r<200&&(r=200),s.height=r):"link"===t.message&&(r=new URL(s.getAttribute("src")),n=new URL(t.value),c.test(n.protocol))&&n.host===r.host&&l.activeElement===s&&(d.top.location.href=t.value))}},d.addEventListener("message",d.wp.receiveEmbedMessage,!1),l.addEventListener("DOMContentLoaded",function(){for(var e,t,s=l.querySelectorAll("iframe.wp-embedded-content"),r=0;r<s.length;r++)(t=(e=s[r]).getAttribute("data-secret"))||(t=Math.random().toString(36).substring(2,12),e.src+="#?secret="+t,e.setAttribute("data-secret",t)),e.contentWindow.postMessage({message:"ready",secret:t},"*")},!1)))}(window,document);
//# sourceURL=https://www.cc-laplaine-jurassienne.fr/wp-includes/js/wp-embed.min.js
</script>

En fin d’année, le multi-accueil et le relais petite enfance de la Plaine Jurassienne se sont associés pour proposer aux familles et assistantes maternelles un spectacle suivi d’un goûter. Pour l’occasion, ils ont reçu la compagnie théâtre Envie, pour une représentation de son spectacle « il y a quoi dans ces cartons ? ». Un spectacle accompagné de [&hellip;]
