{"id":8427,"date":"2026-04-10T09:36:50","date_gmt":"2026-04-10T07:36:50","guid":{"rendered":"https:\/\/www.cc-laplaine-jurassienne.fr\/?post_type=associations&#038;p=8427"},"modified":"2026-04-23T09:55:52","modified_gmt":"2026-04-23T07:55:52","slug":"association-internationale-contre-la-desertification-en-afrique","status":"publish","type":"associations","link":"https:\/\/www.cc-laplaine-jurassienne.fr\/index.php\/associations\/association-internationale-contre-la-desertification-en-afrique\/","title":{"rendered":"Association Internationale contre la d\u00e9sertification en Afrique"},"content":{"rendered":"\n<p><strong>Objet :<\/strong>\u00a0Envoi de m\u00e9dicaments, mat\u00e9riels scolaires et livres de lectures.\u00a0<\/p>\n\n\n\n<p><strong>Pr\u00e9sident :<\/strong>&nbsp;Monsieur G\u00e9rard LAMBEY<\/p>\n\n\n\n<p><strong>Adresse :<\/strong>&nbsp;39120 LONGWY-SUR-LE-DOUBS<\/p>\n\n\n\n<p><strong>T\u00e9l\u00e9phone :<\/strong>&nbsp;03 84 81 61 97<\/p>\n\n\n\n<p><strong>Mail :<\/strong>&nbsp;gerard.lambey@gmail.com<\/p>\n","protected":false},"featured_media":0,"template":"","categories":[],"tags":[],"communes":[23],"categorie":[43],"class_list":["post-8427","associations","type-associations","status-publish","hentry","communes-longwy-sur-le-doubs","categorie-solidarite","entry"],"yoast_head":"<!-- This site is optimized with the Yoast SEO plugin v27.3 - https:\/\/yoast.com\/product\/yoast-seo-wordpress\/ -->\n<title>Association Internationale contre la d\u00e9sertification en Afrique - Communaut\u00e9 de Communes de la Plaine Jurassienne<\/title>\n<meta name=\"robots\" content=\"index, follow, max-snippet:-1, max-image-preview:large, max-video-preview:-1\" \/>\n<link rel=\"canonical\" href=\"https:\/\/www.cc-laplaine-jurassienne.fr\/index.php\/associations\/association-internationale-contre-la-desertification-en-afrique\/\" \/>\n<meta property=\"og:locale\" content=\"fr_FR\" \/>\n<meta property=\"og:type\" content=\"article\" \/>\n<meta property=\"og:title\" content=\"Association Internationale contre la d\u00e9sertification en Afrique - Communaut\u00e9 de Communes de la Plaine Jurassienne\" \/>\n<meta property=\"og:description\" content=\"Objet :\u00a0Envoi de m\u00e9dicaments, mat\u00e9riels scolaires et livres de lectures.\u00a0 Pr\u00e9sident :&nbsp;Monsieur G\u00e9rard LAMBEY Adresse :&nbsp;39120 LONGWY-SUR-LE-DOUBS T\u00e9l\u00e9phone :&nbsp;03 84 81 61 97 Mail :&nbsp;gerard.lambey@gmail.com\" \/>\n<meta property=\"og:url\" content=\"https:\/\/www.cc-laplaine-jurassienne.fr\/index.php\/associations\/association-internationale-contre-la-desertification-en-afrique\/\" \/>\n<meta property=\"og:site_name\" content=\"Communaut\u00e9 de Communes de la Plaine Jurassienne\" \/>\n<meta property=\"article:modified_time\" content=\"2026-04-23T07:55:52+00:00\" \/>\n<meta name=\"twitter:card\" content=\"summary_large_image\" \/>\n<meta name=\"twitter:label1\" content=\"Dur\u00e9e de lecture estim\u00e9e\" \/>\n\t<meta name=\"twitter:data1\" content=\"1 minute\" \/>\n<script type=\"application\/ld+json\" class=\"yoast-schema-graph\">{\"@context\":\"https:\\\/\\\/schema.org\",\"@graph\":[{\"@type\":\"WebPage\",\"@id\":\"https:\\\/\\\/www.cc-laplaine-jurassienne.fr\\\/index.php\\\/associations\\\/association-internationale-contre-la-desertification-en-afrique\\\/\",\"url\":\"https:\\\/\\\/www.cc-laplaine-jurassienne.fr\\\/index.php\\\/associations\\\/association-internationale-contre-la-desertification-en-afrique\\\/\",\"name\":\"Association Internationale contre la d\u00e9sertification en Afrique - Communaut\u00e9 de Communes de la Plaine Jurassienne\",\"isPartOf\":{\"@id\":\"https:\\\/\\\/www.cc-laplaine-jurassienne.fr\\\/#website\"},\"datePublished\":\"2026-04-10T07:36:50+00:00\",\"dateModified\":\"2026-04-23T07:55:52+00:00\",\"breadcrumb\":{\"@id\":\"https:\\\/\\\/www.cc-laplaine-jurassienne.fr\\\/index.php\\\/associations\\\/association-internationale-contre-la-desertification-en-afrique\\\/#breadcrumb\"},\"inLanguage\":\"fr-FR\",\"potentialAction\":[{\"@type\":\"ReadAction\",\"target\":[\"https:\\\/\\\/www.cc-laplaine-jurassienne.fr\\\/index.php\\\/associations\\\/association-internationale-contre-la-desertification-en-afrique\\\/\"]}]},{\"@type\":\"BreadcrumbList\",\"@id\":\"https:\\\/\\\/www.cc-laplaine-jurassienne.fr\\\/index.php\\\/associations\\\/association-internationale-contre-la-desertification-en-afrique\\\/#breadcrumb\",\"itemListElement\":[{\"@type\":\"ListItem\",\"position\":1,\"name\":\"Accueil\",\"item\":\"https:\\\/\\\/www.cc-laplaine-jurassienne.fr\\\/\"},{\"@type\":\"ListItem\",\"position\":2,\"name\":\"Association Internationale contre la d\u00e9sertification en Afrique\"}]},{\"@type\":\"WebSite\",\"@id\":\"https:\\\/\\\/www.cc-laplaine-jurassienne.fr\\\/#website\",\"url\":\"https:\\\/\\\/www.cc-laplaine-jurassienne.fr\\\/\",\"name\":\"Communaut\u00e9 de Communes de la Plaine Jurassienne\",\"description\":\"\",\"publisher\":{\"@id\":\"https:\\\/\\\/www.cc-laplaine-jurassienne.fr\\\/#organization\"},\"potentialAction\":[{\"@type\":\"SearchAction\",\"target\":{\"@type\":\"EntryPoint\",\"urlTemplate\":\"https:\\\/\\\/www.cc-laplaine-jurassienne.fr\\\/?s={search_term_string}\"},\"query-input\":{\"@type\":\"PropertyValueSpecification\",\"valueRequired\":true,\"valueName\":\"search_term_string\"}}],\"inLanguage\":\"fr-FR\"},{\"@type\":\"Organization\",\"@id\":\"https:\\\/\\\/www.cc-laplaine-jurassienne.fr\\\/#organization\",\"name\":\"Communaut\u00e9 de Communes de la Plaine Jurassienne\",\"url\":\"https:\\\/\\\/www.cc-laplaine-jurassienne.fr\\\/\",\"logo\":{\"@type\":\"ImageObject\",\"inLanguage\":\"fr-FR\",\"@id\":\"https:\\\/\\\/www.cc-laplaine-jurassienne.fr\\\/#\\\/schema\\\/logo\\\/image\\\/\",\"url\":\"https:\\\/\\\/www.cc-laplaine-jurassienne.fr\\\/wp-content\\\/uploads\\\/2019\\\/11\\\/Nouveau-logo-PJ.png\",\"contentUrl\":\"https:\\\/\\\/www.cc-laplaine-jurassienne.fr\\\/wp-content\\\/uploads\\\/2019\\\/11\\\/Nouveau-logo-PJ.png\",\"width\":1794,\"height\":788,\"caption\":\"Communaut\u00e9 de Communes de la Plaine Jurassienne\"},\"image\":{\"@id\":\"https:\\\/\\\/www.cc-laplaine-jurassienne.fr\\\/#\\\/schema\\\/logo\\\/image\\\/\"}}]}<\/script>\n<!-- \/ Yoast SEO plugin. -->","yoast_head_json":{"title":"Association Internationale contre la d\u00e9sertification en Afrique - Communaut\u00e9 de Communes de la Plaine Jurassienne","robots":{"index":"index","follow":"follow","max-snippet":"max-snippet:-1","max-image-preview":"max-image-preview:large","max-video-preview":"max-video-preview:-1"},"canonical":"https:\/\/www.cc-laplaine-jurassienne.fr\/index.php\/associations\/association-internationale-contre-la-desertification-en-afrique\/","og_locale":"fr_FR","og_type":"article","og_title":"Association Internationale contre la d\u00e9sertification en Afrique - Communaut\u00e9 de Communes de la Plaine Jurassienne","og_description":"Objet :\u00a0Envoi de m\u00e9dicaments, mat\u00e9riels scolaires et livres de lectures.\u00a0 Pr\u00e9sident :&nbsp;Monsieur G\u00e9rard LAMBEY Adresse :&nbsp;39120 LONGWY-SUR-LE-DOUBS T\u00e9l\u00e9phone :&nbsp;03 84 81 61 97 Mail :&nbsp;gerard.lambey@gmail.com","og_url":"https:\/\/www.cc-laplaine-jurassienne.fr\/index.php\/associations\/association-internationale-contre-la-desertification-en-afrique\/","og_site_name":"Communaut\u00e9 de Communes de la Plaine Jurassienne","article_modified_time":"2026-04-23T07:55:52+00:00","twitter_card":"summary_large_image","twitter_misc":{"Dur\u00e9e de lecture estim\u00e9e":"1 minute"},"schema":{"@context":"https:\/\/schema.org","@graph":[{"@type":"WebPage","@id":"https:\/\/www.cc-laplaine-jurassienne.fr\/index.php\/associations\/association-internationale-contre-la-desertification-en-afrique\/","url":"https:\/\/www.cc-laplaine-jurassienne.fr\/index.php\/associations\/association-internationale-contre-la-desertification-en-afrique\/","name":"Association Internationale contre la d\u00e9sertification en Afrique - Communaut\u00e9 de Communes de la Plaine Jurassienne","isPartOf":{"@id":"https:\/\/www.cc-laplaine-jurassienne.fr\/#website"},"datePublished":"2026-04-10T07:36:50+00:00","dateModified":"2026-04-23T07:55:52+00:00","breadcrumb":{"@id":"https:\/\/www.cc-laplaine-jurassienne.fr\/index.php\/associations\/association-internationale-contre-la-desertification-en-afrique\/#breadcrumb"},"inLanguage":"fr-FR","potentialAction":[{"@type":"ReadAction","target":["https:\/\/www.cc-laplaine-jurassienne.fr\/index.php\/associations\/association-internationale-contre-la-desertification-en-afrique\/"]}]},{"@type":"BreadcrumbList","@id":"https:\/\/www.cc-laplaine-jurassienne.fr\/index.php\/associations\/association-internationale-contre-la-desertification-en-afrique\/#breadcrumb","itemListElement":[{"@type":"ListItem","position":1,"name":"Accueil","item":"https:\/\/www.cc-laplaine-jurassienne.fr\/"},{"@type":"ListItem","position":2,"name":"Association Internationale contre la d\u00e9sertification en Afrique"}]},{"@type":"WebSite","@id":"https:\/\/www.cc-laplaine-jurassienne.fr\/#website","url":"https:\/\/www.cc-laplaine-jurassienne.fr\/","name":"Communaut\u00e9 de Communes de la Plaine Jurassienne","description":"","publisher":{"@id":"https:\/\/www.cc-laplaine-jurassienne.fr\/#organization"},"potentialAction":[{"@type":"SearchAction","target":{"@type":"EntryPoint","urlTemplate":"https:\/\/www.cc-laplaine-jurassienne.fr\/?s={search_term_string}"},"query-input":{"@type":"PropertyValueSpecification","valueRequired":true,"valueName":"search_term_string"}}],"inLanguage":"fr-FR"},{"@type":"Organization","@id":"https:\/\/www.cc-laplaine-jurassienne.fr\/#organization","name":"Communaut\u00e9 de Communes de la Plaine Jurassienne","url":"https:\/\/www.cc-laplaine-jurassienne.fr\/","logo":{"@type":"ImageObject","inLanguage":"fr-FR","@id":"https:\/\/www.cc-laplaine-jurassienne.fr\/#\/schema\/logo\/image\/","url":"https:\/\/www.cc-laplaine-jurassienne.fr\/wp-content\/uploads\/2019\/11\/Nouveau-logo-PJ.png","contentUrl":"https:\/\/www.cc-laplaine-jurassienne.fr\/wp-content\/uploads\/2019\/11\/Nouveau-logo-PJ.png","width":1794,"height":788,"caption":"Communaut\u00e9 de Communes de la Plaine Jurassienne"},"image":{"@id":"https:\/\/www.cc-laplaine-jurassienne.fr\/#\/schema\/logo\/image\/"}}]}},"_links":{"self":[{"href":"https:\/\/www.cc-laplaine-jurassienne.fr\/index.php\/wp-json\/wp\/v2\/associations\/8427","targetHints":{"allow":["GET"]}}],"collection":[{"href":"https:\/\/www.cc-laplaine-jurassienne.fr\/index.php\/wp-json\/wp\/v2\/associations"}],"about":[{"href":"https:\/\/www.cc-laplaine-jurassienne.fr\/index.php\/wp-json\/wp\/v2\/types\/associations"}],"wp:attachment":[{"href":"https:\/\/www.cc-laplaine-jurassienne.fr\/index.php\/wp-json\/wp\/v2\/media?parent=8427"}],"wp:term":[{"taxonomy":"category","embeddable":true,"href":"https:\/\/www.cc-laplaine-jurassienne.fr\/index.php\/wp-json\/wp\/v2\/categories?post=8427"},{"taxonomy":"post_tag","embeddable":true,"href":"https:\/\/www.cc-laplaine-jurassienne.fr\/index.php\/wp-json\/wp\/v2\/tags?post=8427"},{"taxonomy":"communes","embeddable":true,"href":"https:\/\/www.cc-laplaine-jurassienne.fr\/index.php\/wp-json\/wp\/v2\/communes?post=8427"},{"taxonomy":"categorie","embeddable":true,"href":"https:\/\/www.cc-laplaine-jurassienne.fr\/index.php\/wp-json\/wp\/v2\/categorie?post=8427"}],"curies":[{"name":"wp","href":"https:\/\/api.w.org\/{rel}","templated":true}]}}

Association Internationale contre la désertification en Afrique

<p><strong>Objet :</strong> Envoi de médicaments, matériels scolaires et livres de lectures. </p>



<p><strong>Président :</strong>&nbsp;Monsieur Gérard LAMBEY</p>



<p><strong>Adresse :</strong>&nbsp;39120 LONGWY-SUR-LE-DOUBS</p>



<p><strong>Téléphone :</strong>&nbsp;03 84 81 61 97</p>



<p><strong>Mail :</strong>&nbsp;gerard.lambey@gmail.com</p>

<!-- This site is optimized with the Yoast SEO plugin v27.3 - https://yoast.com/product/yoast-seo-wordpress/ -->
<title>Association Internationale contre la désertification en Afrique - Communauté de Communes de la Plaine Jurassienne</title>
<meta name="robots" content="index, follow, max-snippet:-1, max-image-preview:large, max-video-preview:-1" />
<link rel="canonical" href="https://www.cc-laplaine-jurassienne.fr/index.php/associations/association-internationale-contre-la-desertification-en-afrique/" />
<meta property="og:locale" content="fr_FR" />
<meta property="og:type" content="article" />
<meta property="og:title" content="Association Internationale contre la désertification en Afrique - Communauté de Communes de la Plaine Jurassienne" />
<meta property="og:description" content="Objet : Envoi de médicaments, matériels scolaires et livres de lectures.  Président :&nbsp;Monsieur Gérard LAMBEY Adresse :&nbsp;39120 LONGWY-SUR-LE-DOUBS Téléphone :&nbsp;03 84 81 61 97 Mail :&nbsp;gerard.lambey@gmail.com" />
<meta property="og:url" content="https://www.cc-laplaine-jurassienne.fr/index.php/associations/association-internationale-contre-la-desertification-en-afrique/" />
<meta property="og:site_name" content="Communauté de Communes de la Plaine Jurassienne" />
<meta property="article:modified_time" content="2026-04-23T07:55:52+00:00" />
<meta name="twitter:card" content="summary_large_image" />
<meta name="twitter:label1" content="Durée de lecture estimée" />
	<meta name="twitter:data1" content="1 minute" />
<script type="application/ld+json" class="yoast-schema-graph">{"@context":"https:\/\/schema.org","@graph":[{"@type":"WebPage","@id":"https:\/\/www.cc-laplaine-jurassienne.fr\/index.php\/associations\/association-internationale-contre-la-desertification-en-afrique\/","url":"https:\/\/www.cc-laplaine-jurassienne.fr\/index.php\/associations\/association-internationale-contre-la-desertification-en-afrique\/","name":"Association Internationale contre la désertification en Afrique - Communauté de Communes de la Plaine Jurassienne","isPartOf":{"@id":"https:\/\/www.cc-laplaine-jurassienne.fr\/#website"},"datePublished":"2026-04-10T07:36:50+00:00","dateModified":"2026-04-23T07:55:52+00:00","breadcrumb":{"@id":"https:\/\/www.cc-laplaine-jurassienne.fr\/index.php\/associations\/association-internationale-contre-la-desertification-en-afrique\/#breadcrumb"},"inLanguage":"fr-FR","potentialAction":[{"@type":"ReadAction","target":["https:\/\/www.cc-laplaine-jurassienne.fr\/index.php\/associations\/association-internationale-contre-la-desertification-en-afrique\/"]}]},{"@type":"BreadcrumbList","@id":"https:\/\/www.cc-laplaine-jurassienne.fr\/index.php\/associations\/association-internationale-contre-la-desertification-en-afrique\/#breadcrumb","itemListElement":[{"@type":"ListItem","position":1,"name":"Accueil","item":"https:\/\/www.cc-laplaine-jurassienne.fr\/"},{"@type":"ListItem","position":2,"name":"Association Internationale contre la désertification en Afrique"}]},{"@type":"WebSite","@id":"https:\/\/www.cc-laplaine-jurassienne.fr\/#website","url":"https:\/\/www.cc-laplaine-jurassienne.fr\/","name":"Communauté de Communes de la Plaine Jurassienne","description":"","publisher":{"@id":"https:\/\/www.cc-laplaine-jurassienne.fr\/#organization"},"potentialAction":[{"@type":"SearchAction","target":{"@type":"EntryPoint","urlTemplate":"https:\/\/www.cc-laplaine-jurassienne.fr\/?s={search_term_string}"},"query-input":{"@type":"PropertyValueSpecification","valueRequired":true,"valueName":"search_term_string"}}],"inLanguage":"fr-FR"},{"@type":"Organization","@id":"https:\/\/www.cc-laplaine-jurassienne.fr\/#organization","name":"Communauté de Communes de la Plaine Jurassienne","url":"https:\/\/www.cc-laplaine-jurassienne.fr\/","logo":{"@type":"ImageObject","inLanguage":"fr-FR","@id":"https:\/\/www.cc-laplaine-jurassienne.fr\/#\/schema\/logo\/image\/","url":"https:\/\/www.cc-laplaine-jurassienne.fr\/wp-content\/uploads\/2019\/11\/Nouveau-logo-PJ.png","contentUrl":"https:\/\/www.cc-laplaine-jurassienne.fr\/wp-content\/uploads\/2019\/11\/Nouveau-logo-PJ.png","width":1794,"height":788,"caption":"Communauté de Communes de la Plaine Jurassienne"},"image":{"@id":"https:\/\/www.cc-laplaine-jurassienne.fr\/#\/schema\/logo\/image\/"}}]}</script>
<!-- / Yoast SEO plugin. -->

Association Internationale contre la désertification en Afrique - Communauté de Communes de la Plaine Jurassienne

Objet : Envoi de médicaments, matériels scolaires et livres de lectures.  Président :&nbsp;Monsieur Gérard LAMBEY Adresse :&nbsp;39120 LONGWY-SUR-LE-DOUBS Téléphone :&nbsp;03 84 81 61 97 Mail :&nbsp;gerard.lambey@gmail.com

Communauté de Communes de la Plaine Jurassienne
